= -x*q + j, q - 4*j - 1081 = 202. Is q prime?
False
Let l(f) = 614*f**2 - f. Let i be l(-1). Is 0 + (-8)/2 + i a composite number?
True
Let i(z) = z**2 - 4*z - 11. Let f be i(8). Suppose 20*x = f*x. Is x + 3 + 40 - 0 prime?
True
Let q(c) = 682*c + 17. Suppose 95*a - 98*a = -9. Is q(a) a composite number?
False
Suppose -d - 2*d + 69 = 0. Let j = 262 - 259. Is 2*d + (0 - j) a composite number?
False
Let y(l) = 286*l - 1. Let f = 2 + -1. Let i be y(f). Let u = i + -94. Is u a composite number?
False
Suppose 0 = -20*j - 57041 + 294301. Is j prime?
True
Let i(o) = 133*o**3 - o**2 + 11. Is i(3) a composite number?
False
Suppose 10 = 3*a + 2*a. Suppose -2*b - 506 = a*q + 2*b, -5*q - b - 1301 = 0. Let h = 424 + q. Is h composite?
False
Suppose 7*z = 3236 + 47283. Is z composite?
True
Let y(i) = 623*i**2 + 2*i + 13. Is y(4) a composite number?
True
Let v(d) = 43*d**2 - 321*d + 17. Is v(-12) composite?
False
Is ((-546370)/(-20))/(-11)*-2 a prime number?
True
Let s(c) = 1339*c**2 - 11*c + 15. Let w be s(4). Suppose 2*k = 3*o - w, -4*o - k = 4*k - 28542. Is o composite?
True
Let b = -17 + -13. Let m = b + 229. Is m a prime number?
True
Let v be (5722/(-5))/((-8)/20). Suppose -v - 3277 = -3*j. Is ((-16)/(-24))/(4/j) prime?
False
Suppose 7*h + 3132 - 22627 = 0. Is h prime?
False
Suppose -2*c - 4*z = -5578, -13407 = -4*c + 3*z - 2251. Is c a prime number?
True
Is (82 - 89)*(-302959)/7 a composite number?
False
Let n = -51 - -49. Is (((-18)/4)/1)/(n/4) a composite number?
True
Suppose 5*f - 120155 = -5*l, 5*f - 16*l - 120155 = -15*l. Is f a composite number?
True
Let w(f) = 418*f + 5. Let a be w(9). Suppose 0 = 3*s - 0*r + 4*r - a, 2*s - 2510 = -2*r. Is s a prime number?
False
Suppose -4*t + 271 = -929. Suppose 10*l = 5*l + t. Suppose -4*i - 2*w + 67 = -5*w, 3*i + w = l. Is i a composite number?
False
Let z(s) = -s**2 + 4*s. Let n be z(3). Let x be n/(2 - 8)*-50. Let r = 38 - x. Is r prime?
True
Suppose 4*q = -w + 5*q + 1, 0 = 4*w - 5*q. Suppose -23 = i + 5*t + 1, -w*i = 5*t + 20. Is (-24)/(-24)*(378 + i) a composite number?
False
Let b(f) = -12*f + 78. Let l be b(-20). Let p = 1 - -1. Suppose -p*h + l = 4*h. Is h composite?
False
Suppose 4*h - 4*q - 5534 + 526 = 0, 0 = 2*h - 4*q - 2514. Is h composite?
True
Let d(k) = 198*k - 203. Is d(5) a composite number?
False
Let y(o) = 14*o + 4. Let z be 27/(-45) + 17/(-5). Let l be z/4*-1 + 2. Is y(l) a prime number?
False
Let g be -2 + 2 + 3 - (2 - 5). Is 4181/g + (-7)/(-44 - -2) prime?
False
Let o(h) = h**2 + 20*h - 28. Let v be o(-21). Let l(i) = 2*i**2 - i - 2. Is l(v) a prime number?
True
Let m = -308 + 436. Suppose -m = -2*l - 710. Is l/(-2) - (-2)/(-4) prime?
False
Suppose 5*b + 50 = -3*i, 6*i - 3*i - 4*b = -14. Let l be (-1088)/i + 7/35. Suppose -o = -4*v + 2*v - l, -3*v + 15 = 0. Is o prime?
False
Suppose 0 = 6*u + 7 + 173. Is (-10)/u - 11200/(-6) prime?
True
Is -3 - 620514/(-30) - (-7)/35 prime?
True
Suppose 3*o - 2 - 10 = 0. Let d be 1/o - 4/16. Suppose d = -t + 2*t - 79. Is t a prime number?
True
Let i = 32225 - 17254. Is i prime?
False
Let q = 19 + -17. Let j be 44940/(-20)*q/(-2). Suppose 0 = 5*n - 198 - j. Is n a prime number?
False
Is 13502/6 - (-88)/(-66) prime?
False
Let t = -17863 + 40104. Is t composite?
True
Let f be 3 - (3 + 0 - 2). Suppose -3808 = -f*g + 4*i, 3*g = -2*g + 4*i + 9490. Is g a composite number?
True
Let g(n) = -19*n + 1. Let q be g(-4). Suppose -3*c + q = -4*y - 0*y, -2*y + 66 = 4*c. Suppose -2*k + c = -91. Is k a prime number?
False
Let n(o) = -131*o - 9. Let u(g) = 654*g + 44. Let k(a) = 11*n(a) + 2*u(a). Is k(-4) composite?
False
Suppose 5*c - 5 = 10. Suppose 0 = -c*p + 168 + 834. Is p composite?
True
Suppose -18*o = -16*o + 16. Is -1 + o/(-4) + 954 a prime number?
False
Let v(w) = 18*w - 13 - 26*w + 28*w + 48*w. Is v(13) prime?
False
Let m(a) = -2*a**3 + 12*a**2 - 11*a - 6. Let x be m(13). Is x/(-8) + 15/(-40) prime?
False
Let b = -21 - -23. Suppose 2*z = j - 3, b = -j - 3*z + 10. Suppose 5*d + j*m = 1590, 4*d - 594 - 673 = m. Is d a prime number?
True
Suppose -3*q - v = -2*q - 6, 0 = 4*v - 12. Suppose -q*k = 4*c - 5*c + 289, 2*k = 5*c - 1471. Is c a prime number?
False
Let c = 1775 + -446. Is c prime?
False
Suppose -4*z + 2*d + 6752 = 0, 2*z + d - 275 = 3105. Let y = z + -598. Let b = y + -730. Is b a composite number?
True
Let w(y) = 53*y**2 + 27*y + 51. Is w(-7) prime?
True
Let k(s) = 31*s - 90. Is k(23) prime?
False
Let x = 42 - 34. Suppose -744 = -x*j + 1376. Is j a prime number?
False
Let b be 2/(-5) + (-6074)/(-10). Suppose 3*c = -5*v + b + 190, -2*c + 8 = 0. Is v a prime number?
True
Let f be -5*(-12)/10 - 2. Suppose 0 = 2*l - 3*n - 1246, 3*l + f*n = 3*n + 1869. Is l composite?
True
Let b(d) = d**2 - 4*d + 6. Let g(u) = -u - 1. Let m be g(-1). Suppose m*i - i = h + 1, 22 = 3*h - 2*i. Is b(h) composite?
True
Suppose -25*d + 27*d = 67918. Is d a prime number?
False
Let y = -1663 - -5216. Suppose 0 = -3*u + 9, -u = -4*h - 0*u + y. Is h composite?
True
Suppose 3*n + 17270 = 8*n + 3*v, -3*n - 4*v + 10351 = 0. Is n a prime number?
True
Let o(u) = 46*u**2 + 12*u + 51. Is o(-8) a composite number?
True
Suppose 0 = -9*g - 7*g + 48784. Is g a prime number?
True
Let m = 3922 + -2705. Is m a composite number?
False
Let r(a) = a**2 - 9*a - 15. Let k be r(11). Suppose -t - 1 = -o, 0*o = -2*o + 4*t - 4. Suppose 8 = 4*g, o*c - 3*g = -k*g + 64. Is c prime?
False
Suppose 8*r - 13399 + 3695 = 0. Is r composite?
False
Is 3*1974/9 - (4 - 5) composite?
False
Let h(b) = 0*b - 7*b**2 + 5*b**2 - 3*b + b**3 + 1 + b. Let t be h(3). Suppose 490 = t*d - 1146. Is d a composite number?
False
Suppose v - 2*b - 10 = -3*v, -3*v - 3*b = -3. Suppose -v*h + 3*h = -4. Is 271/4 - (-3)/h a prime number?
True
Suppose -c = -1 - 4. Suppose -c = -2*q + 1. Suppose 0 = 2*l - 3*i + 5*i - 738, 6 = -q*i. Is l a composite number?
True
Let u(z) = -2564*z + 2. Let h be (-3)/6*(0 + -2). Let v be u(h). Is v/(-10) - 32/(-40) prime?
True
Is (-116084)/(-18) - (-33)/(-297) a prime number?
True
Is 2/6 + (-136880)/(-174) a prime number?
True
Suppose 5*w - 530 = 740. Suppose -4*y = -5*y + w. Is y a prime number?
False
Suppose -u + 0*u = -j + 72, 273 = 4*j + u. Suppose -2*g - j = -199. Is g prime?
False
Let h(b) = 2770*b**3 - 2*b - 21. Let i be h(-3). Is (-2)/78*-6 + i/(-65) a composite number?
False
Let f = -1173 - -2830. Is f prime?
True
Is (76611/18)/(1/6) a prime number?
True
Let z = -5 + 10. Suppose 2*m + 1491 = z*m. Is m prime?
False
Is (-31107)/(3/(-3))*(-17)/(-51) a composite number?
False
Let d(g) = -2*g**2 - 15*g + 12. Let a be d(-8). Is (-1356)/(-14) - a/(-28) composite?
False
Suppose 14*o - 880 = 4*o. Is 22/o + (-4675)/(-4) prime?
False
Let v(g) = g**3 + 2*g**2 - 2*g - 1. Let b be v(-2). Suppose b*f - 665 - 1966 = 0. Suppose 2*a = -39 + f. Is a composite?
False
Suppose 438 - 78 = m. Suppose -3*v = -3*a - m, -3*a + 6*a + 481 = 4*v. Is v prime?
False
Suppose -2*a - 2 = -0, 26824 = 4*q + 4*a. Is q a composite number?
True
Let g(f) be the third derivative of 13*f**5/60 + f**4/6 - 5*f**3/3 + 4*f**2. Is g(5) a prime number?
False
Let u(t) = 91*t**3 + 6*t**2 - t - 31. Is u(7) composite?
False
Let t(z) = 143*z - 8. Let f be t(-6). Let m = -195 - f. Is m prime?
False
Let t = -8 + 12. Suppose 2*w = 4*x + t, 0*x - 4*x - 4*w = 28. Is x/(-3) - (0 - 56) prime?
False
Let x(t) = 14 + 73*t**2 + 5 - 8*t - 8. Is x(2) composite?
True
Let x = -4 - -6. Let m be (-1 + x)/(8/(-32)). Let w(p) = 8*p**2 + 5*p + 5. Is w(m) a prime number?
True
Suppose 0 = 4*o - 480 - 176. Let z = o + -93. Let a = z - 49. Is a prime?
False
Let l(j) = -j + 11. Let z be l(9). Suppose y = -5*a + 6, -z*a - 2*y + 3 = -1. Is ((-131)/2)/(a/(-2)) prime?
True
Is 3*(-6 + 7) - -2769 - -5 a composite number?
False
Let t(c) = 1798*c**2 - 22*c - 2. Is t(-6) a prime number?
False
Let n be 8*((-36)/(-16) - 0). Suppose -64 = -h + n. Is h prime?
False
Suppose -2*h - 4 = 0, 2*d - 3*h = -7*h + 14. Suppose -d*x - 2764 = -15*x. Is x a prime number?
True
Let o be 16/(-6)*9/(-12). Suppose -1276 = -2*a - o*a. Is a composite?
True
Let w = 26 - 11. Let j be (-2)/(-8) - w/(-4). Suppose j*q + 2692 = 8*q. Is q composite?
False
Let u be -244*(0 + 33/6). Let g = 1939 + u. Suppose -3*f - 2*n = -5*n - g, 4*f - 816 = -n. Is f prime?
False
Suppose -19090 - 9118 = -16*l. Is l a prime number?
Fal